 11000100011100?
11000100010000
In base 9, what is 4730 - 72?
4647
In base 5, what is 14221 - -1314?
21040
In base 4, what is 2 + -2132311?
-2132303
In base 11, what is 3473 - 5?
3469
In base 7, what is -21220 - -45?
-21142
In base 13, what is 5 + -a784?
-a77c
In base 9, what is -4 - 15278?
-15283
In base 13, what is 49949 - -3?
4994c
In base 4, what is 2003 + 211130?
213133
In base 13, what is 2 - -325c2?
325c4
In base 2, what is -10000 - 1010101011?
-1010111011
In base 16, what is -17c2 + -1?
-17c3
In base 5, what is 1330132 + 4?
1330141
In base 6, what is 3345 - 310?
3035
In base 9, what is 756552 - 3?
756548
In base 13, what is 4bb2 + 136?
5018
In base 14, what is 112883 + -2?
112881
In base 15, what is 446 - -c6b?
11b2
In base 12, what is 1 + -15013?
-15012
In base 9, what is -2 + 340200?
340187
In base 9, what is 11028 - 8?
11020
In base 8, what is 1 - -345403?
345404
In base 13, what is -8 + 21a5?
219a
In base 5, what is 2232 - -1204?
3441
In base 6, what is 2 - -3455?
3501
In base 5, what is 134041 - -12?
134103
In base 2, what is 10000111 - 1000111111?
-110111000
In base 11, what is 122 + -26?
a7
In base 2, what is -11011 + 101000100010010?
101000011110111
In base 7, what is -331333 + -4?
-331340
In base 16, what is -5d746 - 0?
-5d746
In base 15, what is -4dea1 + 5?
-4de9b
In base 9, what is -5068 - 23?
-5102
In base 14, what is 3b7a - -9?
3b85
In base 7, what is -33 + 1404?
1341
In base 10, what is -2 - -74352?
74350
In base 2, what is 1100 + -110010100100?
-110010011000
In base 6, what is 141135 + -3?
141132
In base 2, what is 10 - -10011011100001001101?
10011011100001001111
In base 10, what is 1513 - 347?
1166
In base 16, what is -5ce97 + 1?
-5ce96
In base 16, what is 3 - -29a0?
29a3
In base 15, what is 2 + 47ce?
47d1
In base 13, what is -1271 - -36?
-1238
In base 7, what is -4 - 244423?
-244430
In base 13, what is -3b16 + -2?
-3b18
In base 6, what is 2 + 55351?
55353
In base 6, what is -153125 + 351?
-152334
In base 8, what is -2 - -42631?
42627
In base 15, what is -1e - 48ae?
-48cd
In base 9, what is -128436 - -2?
-128434
In base 12, what is -628441 + 0?
-628441
In base 7, what is 521 - 1060?
-236
In base 10, what is 716873 + 1?
716874
In base 4, what is -13011 - -10323?
-2022
In base 10, what is -73 - -32340?
32267
In base 4, what is 221130 + 0?
221130
In base 8, what is 122 + -1267?
-1145
In base 11, what is 65 - 740?
-686
In base 4, what is -10100313 + -10?
-10100323
In base 12, what is -366 - -252?
-114
In base 6, what is 140 - -40241?
40421
In base 4, what is -11 + -310001010?
-310001021
In base 6, what is -4 - 35553243?
-35553251
In base 11, what is -213 - -1548?
1335
In base 10, what is 2 - -25658?
25660
In base 16, what is -4 - 45cf?
-45d3
In base 13, what is -62b54 + 2?
-62b52
In base 8, what is 541120 - -4?
541124
In base 3, what is -20 - -11010210?
11010120
In base 15, what is bd5 + -5?
bd0
In base 6, what is -4 - -23541050?
23541042
In base 9, what is -187 - 1?
-188
In base 5, what is 2412401 - -1?
2412402
In base 11, what is -2313 + -46?
-2359
In base 7, what is 2 - 462040?
-462035
In base 10, what is -61 - -14593?
14532
In base 3, what is 212 - 22112111?
-22111122
In base 12, what is -a + 12a98b?
12a981
In base 6, what is -4221 - -15?
-4202
In base 4, what is 23 + -3022301?
-3022212
In base 2, what is 11101010101001101 - 0?
11101010101001101
In base 6, what is -4 - -4024503?
4024455
In base 7, what is -25 + 212266?
212241
In base 7, what is -2261 - 12?
-2303
In base 7, what is -26611 - 12?
-26623
In base 13, what is 483a + 20?
485a
In base 6, what is 3 + 201404?
201411
In base 13, what is -1392 + -3?
-1395
In base 4, what is -3021100 + 1223?
-3013211
In base 15, what is -32d28 - 4?
-32d2c
In base 4, what is 23 - 222330?
-222301
In base 13, what is a644 - -b1?
a725
In base 8, what is -61 + -7524?
-7605
In base 3, what is -12101 - -1121201?
1102100
In base 13, what is 1493 + 1b7?
167a
In base 11, what is -5 - 57745?
-5774a
In base 3, what is -102220 + 11120?
-21100
In base 8, what is 10 - 1125605?
-1125575
In base 12, what is 2957 - -720?
3477
In base 12, what is 2 - 271b2?
-271b0
In base 15, what is 5 - -42445?
4244a
In base 7, what is 0 + -26124?
-26124
In base 4, what is -30102211 + -2?
-30102213
In base 13, what is -aa - 64?
-141
In base 3, what is 121220 - 12102?
102111
In base 14, what is 13b + 189d?
19da
In base 16, what is -15 - 3f24?
-3f39
In base 14, what is 7c + -1616?
-1578
In base 13, what is -19 + 11055?
11039
In base 10, what is -271766 - 23?
-271789
In base 11, what is -479a5 - 22?
-47a17
In base 5, what is -1 + 2134311?
2134310
In base 14, what is 75 - -c5?
15a
In base 7, what is 4 - 534653?
-534646
In base 9, what is 513215 - 4?
513211
In base 8, what is 646757 + -5?
646752
In base 7, what is -6 + 106662?
106653
In base 11, what is 245 + 206?
450
In base 5, what is -1114 + -13301?
-14420
In base 15, what is 64742 - 0?
64742
In base 14, what is -166975 + 2?
-166973
In base 10, what is 3462 + -258?
3204
In base 13, what is 243c - -33?
2472
In base 9, what is -72410 - -4?
-72405
In base 6, what is -5 + 231424?
231415
In base 14, what is -22d1 + 5?
-22ca
In base 16, what is 6 - 501b?
-5015
In base 7, what is 0 - 16120316?
-16120316
In base 16, what is -6 - e5b6?
-e5bc
In base 4, what is 2011332 - -10?
2012002
In base 15, what is 2b2c - a?
2b22
In base 5, what is -2 + 4013443?
4013441
In base 15, what is 653 + -84?
5be
In base 12, what is -1 - -95130?
9512b
In base 2, what is 1101 + 10101110101100101?
10101110101110010
In base 2, what is -10110 + 101111100101010?
101111100010100
In base 12, what is 8a1861 - 1?
8a1860
In base 7, what is 43565 + 4?
43602
In base 3, what is 1011112001 - -2?
1011112010
In base 8, what is -135037 - -13?
-135024
In base 7, what is -3551635 - 5?
-3551643
In base 15, what is -4 + -602c?
-6031
In base 4, what is 3310 - -203330?
213300
In base 7, what is 11 + -15552?
-15541
In base 10, what is 54 - 254?
-200
In base 7, what is 165261 + 54?
165345
In base 8, what is 235 + -5761?
-5524
In base 14, what is 44882 - -4?
44886
In base 9, what is -301010 - 6?
-301016
In base 9, what is -3 + 481076?
481073
In base 4, what is 33012233 - -11?
33012310
In base 14, what is 0 + 5334?
5334
In base 6, what is 10 + -2340?
-2330
In base 15, what is -3c + -4c21?
-4c5d
In base 9, what is 763 + 88?
862
In base 4, what is -3122 + 1203001?
1133213
In base 8, what is -1455 - -165?
-1270
In base 12, what is 61 + 633?
694
In base 13, what is -5ab93c + 5?
-5ab937
In base 3, what is -1021 + 2220?
1122
In base 10, what is 85018 - 0?
85018
In base 8, what is -3 + 4661?
4656
In base 4, what is 1133110333 - -11?
1133111010
In base 2, what is -1110001111001000 - -110?
-1110001111000010
In base 14, what is -75 - -ca3?
c2c
In base 16, what is -1 - -da6?
da5
In base 16, what is 4c4a9 - 0?
4c4a9
In base 9, what is -3316 - 2?
-3318
In base 7, what is 4205 + 250?
4455
In base 10, what is -3 - -61425?
61422
In base 13, what is 1 - 117391?
-117390
In base 15, what is 374be - -9?
374c8
In base 10, what is 16 + -1906?
-1890
In base 15, what is 39a - -5?
3a0
In base 11, what is -1344 - -44?
-1300
In base 5, what is -2042 - 2224?
-4321
In base 13, what is -112 + -25?
-137
In base 11, what is 3 - 53712?
-5370a
In base 9, what is 1020 - 23?
886
In base 15, what is 2 + 4b4b?
4b4d
In base 8, what is 10015 - 1535?
6260
In base 12, what is -1b223 - -4?
-1b21b
In base 3, what is 12 + 2221221?
2222010
In base 7, what is -16 - 116264?
-116313
In base 12, what is -72 - 785?
-837
In base 4, what is -1103300031 - 11?
-1103300102
In base 8, what is 20562236 + 5?
20562243
In base 9, what is 6 - -1162558?
1162565
In base 5, what is 2313413 + 3?
2313421
In base 13, what is -195 + 5b7?
422
In base 7, what is -555 - -464?
-61
In base 7, what is -2 + -1446223?
-1446225
In base 9, what is 1816 - -73?
2000
In base 3, what is -10210 + 20110?
2200
In base 6, what is 4 - 23135351?
-23135343
In base 10, what is 242 - -961?
1203
In base 15, what is 2a - -153?
17d
In base 11, what is -1268 + 117?
-1151
In base 14, what is 22 + 24?
46
In base 14, what is 6 + 2669?
2671
In base 6, what is 233 - 152?
41
In base 13, what is -58cb4 + 1?
-58cb3
In base 2, what is -1110 - -100010111001?
100010101011
In base 8, what is 234 - -2362?
2616
In base 8, what i